is -1011 - 10220211122211?
-10220211200222
In base 5, what is -10 - 1310230142?
-1310230202
In base 9, what is -253 + -408785?
-410148
In base 8, what is -4 - -13220165?
13220161
In base 15, what is -11007bb9 - 5?
-11007bbe
In base 3, what is 200212102122000 - -2?
200212102122002
In base 5, what is -111233 - -34313?
-21420
In base 2, what is 1100001010 - -111101101010?
1001001110100
In base 4, what is 12202 + -1202313300?
-1202301032
In base 11, what is -2666850 + 5?
-2666846
In base 9, what is 160238 - -33?
160272
In base 14, what is 3ac2901 - 1a?
3ac28c5
In base 9, what is 28 + -2785233?
-2785204
In base 6, what is -4155033545 + 5?
-4155033540
In base 12, what is 19970 + -26b?
19701
In base 13, what is -6b740 - a?
-6b74a
In base 3, what is 122001101202202 + 110?
122001101210012
In base 2, what is -10000000100010000 + 100110011011010?
-1011010000110110
In base 5, what is -11212021422 - 120?
-11212022042
In base 11, what is 2 - 1330015?
-1330013
In base 5, what is 3 + -1440424420?
-1440424412
In base 12, what is -142b7b - -4?
-142b77
In base 2, what is 100011101010110100 - -1011?
100011101010111111
In base 9, what is -4 - -237046851?
237046846
In base 11, what is -206491710 - 3?
-206491713
In base 5, what is 43323013 - 10211?
43312302
In base 7, what is -20526 - -10050?
-10446
In base 3, what is -1020101220 - -2222201?
-1010102012
In base 9, what is 1277860 + 12?
1277872
In base 11, what is -2665104 - 0?
-2665104
In base 4, what is 1201312 + -1210033?
-2121
In base 12, what is -4 - 13b21930?
-13b21934
In base 13, what is 34133c31 - 0?
34133c31
In base 7, what is -52535 - -5343?
-44162
In base 5, what is -124 - 141113344?
-141114023
In base 3, what is -121 + -211202110121121?
-211202110122012
In base 15, what is -521e012 + -4?
-521e016
In base 6, what is 240 - -14520124?
14520404
In base 5, what is 331331 - 3424?
322402
In base 11, what is 3 + -65174?
-65171
In base 10, what is -26 + 315503?
315477
In base 12, what is 0 + -6391925?
-6391925
In base 3, what is 12 + 21011201222001022?
21011201222001111
In base 7, what is 4 - -226226403?
226226410
In base 15, what is e + -23aa02?
-23a9e3
In base 12, what is -99 - -b3491?
b33b4
In base 8, what is 105 - 471420?
-471313
In base 5, what is 100023 - 22040?
22433
In base 5, what is 123240204 - 111?
123240043
In base 13, what is 47cac - 30b?
479a1
In base 3, what is 101201211012002 + -102?
101201211011200
In base 14, what is -9 + -2263c0?
-2263c9
In base 4, what is 202021 + -331003?
-122322
In base 14, what is 2 + -139d71d?
-139d71b
In base 12, what is -93 + a39072?
a38b9b
In base 8, what is 114176 + 502?
114700
In base 7, what is -1226420 + 13253?
-1213134
In base 16, what is 11 - 57cee6?
-57ced5
In base 15, what is -3a1602 - 5?
-3a1607
In base 2, what is -101010 + -11010100001111101?
-11010100010100111
In base 5, what is 12101 - 224342?
-212241
In base 15, what is 0 + -d311e7?
-d311e7
In base 15, what is aa - -1c238?
1c2e3
In base 7, what is -215232101 + -11?
-215232112
In base 16, what is 85402 - 1b?
853e7
In base 14, what is 4826 - 20b0b?
-1a2c5
In base 12, what is -19 - -5553a2?
555385
In base 8, what is -5 + 113760320?
113760313
In base 6, what is -2332014030 + -43?
-2332014113
In base 15, what is 4b3b685 + 6?
4b3b68b
In base 9, what is -2542 + 174726?
172174
In base 7, what is -5311431 + 150?
-5311251
In base 13, what is -388a6b - 7?
-388a75
In base 5, what is -3 + 320341420?
320341412
In base 12, what is 19210833 + 4?
19210837
In base 8, what is -304403 + -112?
-304515
In base 11, what is -4751a85 + -2?
-4751a87
In base 6, what is 5 - -202130025?
202130034
In base 7, what is 46 + 3033152?
3033231
In base 9, what is 13053 - 347?
12605
In base 7, what is -4052150 + 535?
-4051312
In base 3, what is 220210 + 2121120002?
2122110212
In base 11, what is -8107 + -16a23?
-2402a
In base 9, what is 374664272 + 4?
374664276
In base 5, what is -1044 + 440121343?
440120244
In base 3, what is -100102 + 20020200112?
20020100010
In base 9, what is 2887570 + 105?
2887675
In base 5, what is 10 - -110031234?
110031244
In base 7, what is 2 + -244403565?
-244403563
In base 15, what is 87 - -750b0?
75147
In base 2, what is 10 - 100110010011100100101?
-100110010011100100011
In base 3, what is -12 - 2220121120102012?
-2220121120102101
In base 9, what is 2 - -8420824?
8420826
In base 13, what is -9 - 162664?
-162670
In base 3, what is -10001200000201110 + 12?
-10001200000201021
In base 4, what is 33132222330 - 120?
33132222210
In base 5, what is -1 - 403002230223?
-403002230224
In base 10, what is -100678405 - 6?
-100678411
In base 14, what is 79955 + -34a?
79609
In base 5, what is 204 + -103004240?
-103004031
In base 5, what is -10 + 320032134313?
320032134303
In base 13, what is -1 - 18104?
-18105
In base 5, what is 42243241314 - 0?
42243241314
In base 2, what is -11100011110010 + 110110110?
-11011100111100
In base 11, what is 509 - 439420?
-438a12
In base 2, what is 1110010001111111110 + 11001011?
1110010010011001001
In base 5, what is 4332042330 - 2?
4332042323
In base 6, what is -21541104 - -51?
-21541013
In base 16, what is -2f362 - 52?
-2f3b4
In base 2, what is -110100110110111010 - 100101000111?
-110101011100000001
In base 2, what is -100100001011011101100001 - -100?
-100100001011011101011101
In base 2, what is -100 - 111000110010110001010000?
-111000110010110001010100
In base 6, what is 4525345 - -24203?
4553552
In base 5, what is 1311103 - 124044?
1132004
In base 6, what is -1553 + 13031222?
13025225
In base 14, what is 24b - -12517?
12764
In base 14, what is -cac - -1136?
268
In base 16, what is -1c0ec9 + -6?
-1c0ecf
In base 8, what is -7737 - 62307?
-72246
In base 7, what is 6340 - -266?
6636
In base 16, what is -2 - -66cd10?
66cd0e
In base 14, what is 593 + -6c3a?
-6687
In base 4, what is 12012122 + 23332?
12102120
In base 16, what is 4 + -696b32?
-696b2e
In base 13, what is -b + c21ca6?
c21c98
In base 5, what is -4223222314 + 4?
-4223222310
In base 8, what is 1165 - 166173?
-165006
In base 9, what is 571163186 - -4?
571163201
In base 5, what is 200301232430 - -1?
200301232431
In base 6, what is -103520434205 + 3?
-103520434202
In base 7, what is 12113 - 4230?
4553
In base 14, what is 0 + 25134b?
25134b
In base 8, what is 5 - -575456102?
575456107
In base 6, what is -3201 + 401123?
353522
In base 10, what is 802 + 358313?
359115
In base 2, what is 1100010001001111001011 + 1110?
1100010001001111011001
In base 5, what is -2202212 + 20040?
-2132122
In base 15, what is -790 + 27850?
270b0
In base 2, what is -10000110100100000110110 + 10010?
-10000110100100000100100
In base 14, what is 1a13464 - 4?
1a13460
In base 9, what is -1 - -315880140?
315880138
In base 14, what is b2aa4d - 23?
b2aa2a
In base 8, what is 2404110 - -120?
2404230
In base 14, what is 23 - 90c840?
-90c81b
In base 14, what is 9b47bda - 1?
9b47bd9
In base 14, what is 3905 + -bd4?
2b11
In base 6, what is 5 - 524241034?
-524241025
In base 6, what is -10335 - -11540?
1201
In base 8, what is 0 - 107460225?
-107460225
In base 13, what is 19 - -17b2a2c?
17b2a48
In base 16, what is 0 - -1571ec1?
1571ec1
In base 8, what is 5 + -42204067?
-42204062
In base 10, what is 29055 - -2416?
31471
In base 16, what is -23 + -ad2fda?
-ad2ffd
In base 14, what is 13ba0 + -7dc7?
9bb7
In base 11, what is -a44359 - -10?
-a44349
In base 5, what is 131 - 224343111?
-224342430
In base 4, what is 220223123 - -1032033?
221321222
In base 7, what is -4435 - -56501?
52033
In base 4, what is -13 - 130212100222?
-130212100301
In base 2, what is -11010010000 - -1111000011100010?
1110101001010010
In base 10, what is -19 + 29693917?
29693898
In base 16, what is -1 - 1aceb9e?
-1aceb9f
In base 12, what is -633b47 + -2b?
-633b76
In base 6, what is 4 + -2111101443?
-2111101435
In base 11, what is 14a2 + -6718?
-5226
In base 15, what is -22 - 87ace?
-87b01
In base 11, what is -78 + -2168679?
-2168746
In base 8, what is -130777 + -154?
-131153
In base 16, what is 13937 + -1c4?
13773
In base 4, what is 33200312302323 + -3?
33200312302320
In base 4, what is -231001201 - -3?
-231001132
In base 10, what is 52 + 229844?
229896
In base 16, what is 5 - -1dc51d?
1dc522
In base 10, what is 4 - 5167478?
-5167474
In base 16, what is -4 + 2e91637?
2e91633
In base 11, what is -a + 3a9419?
3a940a
In 